 641264.
208
What is the greatest common divisor of 755 and 219567741?
151
What is the highest common divisor of 144880965 and 12801?
753
What is the highest common divisor of 100002920 and 65295?
7255
What is the highest common factor of 624 and 12854751?
39
Calculate the greatest common factor of 1605131 and 4696769.
3707
Calculate the greatest common factor of 521755 and 171626.
299
What is the greatest common factor of 141396 and 402?
6
Calculate the highest common divisor of 45322 and 6138.
62
Calculate the highest common factor of 25101 and 171.
9
What is the greatest common factor of 491572630 and 10?
10
What is the highest common factor of 56741 and 3379790?
2467
What is the highest common factor of 472689350 and 1925?
175
Calculate the highest common divisor of 3822 and 1398306.
546
What is the greatest common divisor of 1863 and 17577972?
81
What is the highest common divisor of 27225 and 102242943?
1089
What is the greatest common divisor of 1172 and 77753996?
1172
What is the greatest common factor of 280 and 901210?
10
Calculate the greatest common factor of 2886052 and 8996.
52
Calculate the greatest common divisor of 43388342 and 52825.
2113
What is the highest common factor of 164403 and 61200539?
6089
What is the highest common factor of 43276 and 23339724?
1396
What is the highest common divisor of 40 and 290204?
4
What is the highest common divisor of 386127 and 248913?
567
Calculate the greatest common divisor of 2811672 and 329832.
648
What is the greatest common factor of 957688 and 248?
8
Calculate the highest common divisor of 18230 and 2492041.
1823
Calculate the greatest common divisor of 1850 and 528350.
50
What is the greatest common factor of 3050576 and 2368?
592
What is the highest common factor of 29643 and 1704111?
723
What is the greatest common divisor of 1746 and 5556354?
582
What is the greatest common divisor of 2410425 and 145800?
675
What is the highest common factor of 135 and 9396855?
45
What is the highest common factor of 154 and 17570910?
14
Calculate the highest common factor of 121304 and 9794.
118
Calculate the greatest common factor of 44028112 and 2144.
1072
What is the greatest common factor of 247140 and 5040?
180
What is the highest common divisor of 13867 and 60188723?
1981
What is the highest common factor of 21204149 and 61?
61
Calculate the highest common divisor of 1522443 and 10855.
13
Calculate the greatest common divisor of 60 and 9076902.
6
Calculate the greatest common factor of 13615452 and 27.
27
Calculate the greatest common factor of 1716 and 9729148.
572
Calculate the greatest common factor of 5 and 119329880.
5
Calculate the highest common divisor of 6468 and 39876.
12
Calculate the highest common divisor of 167250 and 320005.
1115
Calculate the highest common factor of 3102 and 18650634.
282
What is the highest common factor of 31752 and 111699?
567
What is the greatest common divisor of 403 and 515411?
13
What is the highest common divisor of 1972826 and 7768514?
8186
What is the highest common factor of 1408 and 1609916?
44
Calculate the greatest common factor of 1355134 and 381920.
682
Calculate the highest common divisor of 11915122 and 19960.
998
Calculate the highest common divisor of 4563550 and 160.
10
What is the highest common factor of 8000 and 7859000?
1000
Calculate the greatest common divisor of 492396 and 278359.
1109
What is the greatest common factor of 3719457 and 159831?
2709
Calculate the highest common factor of 42 and 68106.
6
What is the greatest common divisor of 13268415 and 2559?
2559
What is the greatest common factor of 320436 and 1104?
276
What is the highest common factor of 3700 and 2248?
4
What is the highest common divisor of 422091 and 43811?
193
Calculate the greatest common divisor of 4860941 and 152.
19
What is the greatest common divisor of 2746 and 167724307?
1373
Calculate the greatest common divisor of 412200576 and 2880.
576
Calculate the greatest common divisor of 28 and 4011833.
7
What is the greatest common divisor of 9816 and 7748505?
1227
Calculate the highest common divisor of 14014456 and 72.
8
Calculate the highest common factor of 810 and 165705.
15
Calculate the highest common factor of 12672 and 3939232.
352
What is the highest common divisor of 12524100 and 44036?
436
What is the highest common factor of 994 and 1038730?
994
Calculate the greatest common divisor of 1950 and 126645.
15
Calculate the greatest common divisor of 1692 and 3787260.
564
What is the highest common divisor of 228 and 480511767?
57
Calculate the greatest common factor of 33422 and 13481.
17
Calculate the greatest common divisor of 6435 and 25773345.
585
What is the greatest common divisor of 6 and 853054?
2
What is the highest common divisor of 8084 and 70348?
172
Calculate the highest common divisor of 198 and 25304334.
66
Calculate the highest common divisor of 12726660 and 1500.
60
What is the greatest common divisor of 1540440 and 10?
10
Calculate the highest common factor of 328501 and 3799825.
4903
What is the greatest common factor of 10125 and 4297536?
81
What is the highest common divisor of 308039075 and 75?
25
Calculate the highest common divisor of 15625 and 243875.
125
What is the highest common factor of 40 and 4917490?
10
What is the greatest common factor of 1484 and 9387572?
212
Calculate the greatest common factor of 16092735 and 30.
15
What is the highest common divisor of 238999095 and 34040?
4255
Calculate the highest common factor of 15115798 and 202390.
1094
What is the highest common factor of 81246 and 36102?
66
Calculate the highest common divisor of 8156532 and 60.
12
Calculate the greatest common divisor of 279513 and 2817.
9
Calculate the highest common factor of 428467 and 3289.
299
What is the highest common divisor of 278516225 and 16900?
4225
Calculate the highest common factor of 245207880 and 3936.
984
Calculate the highest common factor of 18639174 and 216.
6
What is the highest common divisor of 96597516 and 690?
138
Calculate the greatest common factor of 14681051 and 242.
121
What is the highest common factor of 1092 and 223379988?
156
What is the highest common divisor of 189835 and 325?
5
Calculate the highest common divisor of 73 and 21406812.
73
What is the greatest common factor of 725 and 2599067?
29
Calculate the greatest common divisor of 995488 and 125216.
416
What is the greatest common divisor of 55338 and 589674?
138
What is the greatest common divisor of 209 and 2307525?
11
What is the highest common divisor of 129438 and 118017?
3807
Calculate the highest common factor of 189229772 and 2676.
892
Calculate the greatest common divisor of 1468506143 and 20254.
10127
Calculate the highest common divisor of 312 and 4542912.
24
Calculate the highest common divisor of 245727 and 9747.
513
Calculate the highest common divisor of 645744 and 246.
6
What is the highest common factor of 82 and 261718?
2
Calculate the highest common divisor of 13 and 200812963.
13
Calculate the greatest common factor of 341698851 and 16965.
3393
Calculate the greatest common divisor of 12 and 1577463.
3
What is the highest common divisor of 1789555 and 90?
5
What is the greatest common divisor of 486149 and 1343?
17
What is the highest common factor of 14400 and 63829440?
2880
What is the highest common factor of 1243098 and 12942?
18
Calculate the greatest common factor of 8370643 and 460.
23
Calculate the greatest common divisor of 196 and 2328703636.
196
What is the highest common divisor of 49762 and 316114?
358
Calculate the highest common divisor of 78358 and 11297356.
406
Calculate the greatest common divisor of 275 and 942029.
11
What is the highest common divisor of 2170 and 290290?
70
Calculate the highest common factor of 6691194 and 918.
54
What is the greatest common divisor of 9872 and 215408?
16
Calculate the greatest common divisor of 1208264 and 8188.
356
Calculate the greatest common factor of 5033336 and 21098.
154
What is the highest common factor of 381073 and 32017?
101
Calculate the highest common factor of 7964 and 808927372.
7964
What is the greatest common factor of 8901992 and 264?
88
Calculate the greatest common divisor of 695830 and 10430.
1490
Calculate the highest common factor of 1286 and